ate n(u).
-10
Let s(q) = 4 + q**2 - 12*q**2 - 4 - 1. Suppose 10 = -19*v + 29. What is s(v)?
-12
Let l(h) = h - 8. Suppose 0 = -3*j + 8*j - 25. Suppose -j*g - 4*p - 69 = 0, g - 2*p = -g - 24. Let w = g + 19. Give l(w).
-2
Let i be (0/(-2))/(19 + -18). Let n(x) = i*x + 0*x + 18 - 3 - 4*x + 3*x - x**2. Give n(-5).
-5
Let k(a) = a - 25. Let s = 179 - 123. Let n(w) = -w**2 + 58*w - 94. Let l be n(s). Calculate k(l).
-7
Let x = -1950 + 1988. Suppose -170*w = -151*w - x. Let s(i) = 3*i + i**3 + 1 - 2 + 0*i - 6*i**2. What is s(w)?
-11
Suppose 133*n - 10*n - 738 = 0. Let p(v) = -v**3 + 6*v**2 + 4*v - 10. Calculate p(n).
14
Let q(h) = -23*h**3 + 17*h**2 + 17*h - 24. Let f(c) = -8*c**3 - 1. Let o(p) = 3*f(p) - q(p). Determine o(-16).
37
Let q(i) = -3128*i + 2 + 1 - 11 + 3126*i. Suppose 2*l + 27 + 9 = 0. Let j = 11 + l. What is q(j)?
6
Let m be 10/(-35) - (-52)/(-14). Let j(u) = -10*u**3 + u + 4 + 17*u**3 - 8*u**3 - 3*u**2. Determine j(m).
16
Suppose 1 = 2*g + 2*a - 5, -2*g + 18 = -2*a. Let k(z) = 1 + 4 - 147*z + 75*z - 3 + 75*z. What is k(g)?
20
Let b(g) = 27*g - 13. Let d(o) be the second derivative of 5*o**3/3 - 5*o**2/2 - 16*o - 2. Let s(p) = -4*b(p) + 11*d(p). Give s(11).
19
Let m(u) = -4*u**2 - 28*u**2 + u**3 - 6*u + 12*u**2 + 19*u**2 + 5*u**2 - 2. Let f be (-2)/(2/(1*4)). Let x = f + -1. Give m(x).
3
Let y(z) = 10*z**3 + 6*z - 13. Suppose -308*q + 303*q = -30. Let s(t) = 11*t**3 + 7*t - 15. Let k(l) = q*s(l) - 7*y(l). Calculate k(1).
-3
Let n(c) = -2 - c**2 + 2 + c**3 + 1 + 9*c**2 + 6*c. Let z be (-924)/(-20) + -6 + 29/5. Suppose z*d - 41*d + 35 = 0. What is n(d)?
8
Let j(k) = k - 52. Suppose -m + 8*m = 322. Let h be j(m). Let c(r) = -2*r**2 - 5 + 3*r**3 - 4*r**3 - 3*r - 4*r**2. Determine c(h).
13
Let u(m) = 2*m - 4. Let w = 6619 + -6630. Calculate u(w).
-26
Let b = -50 - -53. Let y(c) = 0 - 5 + 7*c - 7*c**2 + 3*c**3 - 3*c**3 + c**b. Calculate y(6).
1
Let b(l) = 3*l**2 - l + 3. Suppose -4*j - 5*v + 99 = -33, -j - 2*v = -36. Let w be (-45)/12 - 7/(j/(-3)). Calculate b(w).
33
Suppose 0 = r - 4*s - 5, 5*r = s - 50 + 56. Let d(y) = -1 + y - y + 5*y**2 - y**2. Calculate d(r).
3
Let l(p) be the third derivative of -65*p**2 + 0 + 0*p + 1/8*p**4 + 5/2*p**3. What is l(-7)?
-6
Let p(m) be the second derivative of -73*m + 0 + 2*m**2 - 1/3*m**3. What is p(4)?
-4
Let s(k) be the first derivative of -3*k - 23 - 1/2*k**2. Calculate s(-12).
9
Let z(o) = -4 + o**2 - o**3 - 5*o**3 + 0*o**2 - 3 - 6*o + 11*o**3. Give z(-2).
-31
Let x(h) be the second derivative of 19*h**3/6 + 379*h**2/2 - 4273*h. Determine x(-20).
-1
Let h(s) = -4*s - 47. Let g(o) = -o**3 + 4*o**2 - 12. Let b be g(4). Let m be h(b). Let f(a) = m - 70*a + 1 + 41*a + 33*a. Calculate f(-2).
-6
Let m(f) = -f - 13. Suppose 61 = -3*d + c, 237*d - 235*d + c = -49. What is m(d)?
9
Suppose 32*l - 118*l - 688 = 0. Let a(v) = -v**2 - 8*v + 17. Calculate a(l).
17
Let f(q) be the third derivative of q**5/60 - 5*q**4/12 + 7*q**3/3 - 3*q**2 + 1188*q - 2. Calculate f(3).
-7
Let v be (11/(-44))/((-2)/88). Suppose 15 = -8*x + v*x. Let b(d) = -27 + x*d - d - d**2 - 31 + 61. What is b(-2)?
-9
Let c(s) be the third derivative of -1/60*s**5 + 72*s**2 + 0*s**3 + 0 + 0*s - 1/24*s**4. What is c(-2)?
-2
Let x(r) = -r**3 - 6*r**2 + 2*r + 9. Let q(f) = 28*f + 59. Let i be q(18). Let t = i + -569. Determine x(t).
-3
Let y(v) = v**2 - 7*v + 1. Let q be y(6). Let a = 11 - 9. Let b(h) = 13*h - h**a - 7 - 2*h - 16*h. Give b(q).
-7
Let w = -622 - -625. Suppose h + 0 - 5 = -2*g, 0 = 3*h + w*g - 18. Let a(t) = -2*t + 17. Give a(h).
3
Let h(r) = 4*r**3 - 25*r**2 - 12*r + 8. Let w(s) = 7 - 4*s - 17*s**2 - 5 + 3*s**3 - 4*s + 3. Let k(f) = -5*h(f) + 7*w(f). Give k(-5).
0
Suppose 3*u - 24 = -206*b + 203*b, -47 = 2*u - 7*b. Let s(y) = -10*y**3 + 4*y - 4. What is s(u)?
-10
Let d(v) = -v**3 - 8*v**2 - 8*v - 5. Let p = -127 + 124. Let t(y) = y**3 + 7*y**2 + 8*y + 6. Let f(h) = p*d(h) - 2*t(h). What is f(-9)?
12
Let w(i) be the first derivative of 0*i + 0*i**2 + 6*i**3 - 1/120*i**5 + 28 + 1/6*i**4. Let f(m) be the third derivative of w(m). Determine f(2).
2
Let c(a) be the third derivative of -a**4/12 + 7*a**3/6 - 2*a**2 + 136*a. Give c(-1).
9
Let p(q) = -2*q**3 + q**3 + 2 + 7*q + 1 + 2*q**2 + 4*q**2. Let l(f) = f**3 + 29*f**2 - 29*f + 37. Let s be l(-30). Give p(s).
3
Let n(k) be the first derivative of 2*k**2 + 16*k + 463. Calculate n(-7).
-12
Let d = 92212 - 92212. Let g(v) = -4*v + 24. Let w(x) = 3*x - 23. Let f be (10/8)/(1/(-4)). Let y(m) = f*w(m) - 4*g(m). What is y(d)?
19
Let q(y) = 2*y**2 + 34*y - 6. Let h be q(-18). Let r = -28 + h. Let i(m) = 2*m**3 + 2*m**2 - 2*m + 3. Determine i(r).
23
Let i(a) = -a + 15. Let r be i(8). Suppose 0 = 4*j - x - 1, r*x + 6 = -3*j + 10*x. Let y(k) = -4*k**3 - 2*k**2 + 1. Calculate y(j).
-5
Let h(f) be the second derivative of -f**5/20 + 9*f**4/4 + 44*f**3/3 + 32*f**2 + 4*f + 653. What is h(30)?
4
Let c(f) = f**3 + 16*f**2 + f - 27. Let a(k) = -k**3 - 9*k**2 + 16. Let j(n) = 5*a(n) + 3*c(n). What is j(3)?
-19
Let f(c) be the first derivative of -4*c**3/3 - 33*c**2/2 - 11*c - 5903. Calculate f(-8).
-3
Let c be 294/28*8/(-3). Suppose 4*l - 108 = -0*l. Let q = l + c. Let i(n) = -4*n + 1. Calculate i(q).
5
Let o(u) = 12 + 36 - 55 - u. Calculate o(-3).
-4
Let l(b) = -b**2 + 13*b + 2. Let a(p) = -77*p - 46*p + 9*p**2 - 5 + 18 + 33*p. Let y be a(10). Give l(y).
2
Let n(z) be the third derivative of -z**5/60 - 7*z**4/24 - 5*z**3/6 - 8*z**2 + 1. Let i(t) = -t**3 - 5*t**2 - 4*t + 2. Let p be i(-3). Calculate n(p).
7
Let j(v) = -2*v**2 + 5*v. Suppose 7*u + 1 = -34. Let i(y) = y + 10. Let b be i(u). Let h(g) = g - 1. Let n be h(b). Give j(n).
-12
Let i(k) be the first derivative of -k**4/12 + k**3/2 + 139*k**2/2 - 13. Let q(p) be the second derivative of i(p). Give q(3).
-3
Suppose 0 = -3*x + 4*b - 106, -2*x + 4*b + 2 = 82. Let l(s) = -s + 17. What is l(x)?
43
Let p(s) be the first derivative of -s**3/3 - 4*s + 855. Determine p(-3).
-13
Let j be ((-18)/12 - 0)/(6/(-20)). Suppose -4*g = -0*g - j*g. Let i(m) = -11*m + 9*m + g - 1. Give i(1).
-3
Let o(m) = -485*m**2 - 7 + 246*m**2 + 240*m**2 + 8*m. Calculate o(-8).
-7
Let x(q) = -19*q**3 + 2*q**2 - q. Let m be (-9)/9 + (2 - 1). Let v be (2/10)/(3/(15 + m)). Calculate x(v).
-18
Let g = 580 - 468. Let t(c) = 59*c + 65*c - g*c + 2. Determine t(3).
38
Let j = 19520 + -19544. Let f(v) = -v**3 - 25*v**2 - 20*v - 12. Determine f(j).
-108
Let d(k) = -313*k**3 + 312*k**3 + 0 - 97*k + 0 + 102*k + 3*k**2. Let z(n) = n**3 - 7*n**2 + n - 3. Let i be z(7). Determine d(i).
4
Let q(c) = -c**2 - 3*c - 8. Let z = 87 + -86. Let v(o) = o**2 - 3*o + 1. Let t(m) = z*q(m) + 2*v(m). Give t(11).
16
Suppose 23*x = 26*x - 12. Let i(y) = -3*y - 7. Let q(g) = -g + 1. Let s(c) = x*q(c) - i(c). Give s(10).
1
Let n(z) = -z**3 + 22*z**2 + 23*z + 10. Let x be n(23). Let p(i) = -i**3 + 9*i**2 + 5*i + 11. Determine p(x).
-39
Suppose 12*f - 17*f = -3*m - 87, -5*m = -3*f + 49. Let z(k) = k**2 - 15*k - 57. What is z(f)?
-3
Let c(h) = -12*h**3 - 5*h**2 + h + 5. Let q(z) = -13*z**3 - 6*z**2 + z + 6. Let n(o) = -4*c(o) + 3*q(o). What is n(-1)?
-8
Suppose -3*y - 5 = d + 2*y, 4*d - 4 = 4*y. Suppose o + 2*o - 24 = d. Let l be (-28)/o*(-32)/14. Let g(k) = k**2 - 12*k + 6. Calculate g(l).
-26
Suppose 2*r - 2 + 0 = 0. Let j(x) be the third derivative of -x**5/30 - 9*x**3/2 - 53*x**2. Let s(y) be the first derivative of j(y). Calculate s(r).
-4
Let v = 2586 + -2584. Let a(i) = 8*i**3 - i**2 + 6*i - 3. Determine a(v).
69
Suppose 342*b - 338*b - n + 3 = 0, 3*b - 3*n - 9 = 0. Let k(q) = q**3 + 2*q + 4. Calculate k(b).
-8
Let y = 63 + -59. Let u be (-296)/(-6) - (-2)/(-24)*y. Let f = -50 + u. Let x(o) = 8*o**3 - 2*o**2 - o. Calculate x(f).
-9
Let k(l) = -l**3 - 7*l**2 - 7*l - 9. Let d be k(-6). Let y(j) be the second derivative of j**4/12 + j**3 + 26594*j. Determine y(d).
-9
Let v be (-6 - -3 - 7/(-2))*-4. Let t(d) = -6*d - 4. Let a(n) = 7*n + 2 + 9*n - 15*n - 1. Let k(s) = -a(s) - t(s). What is k(v)?
-7
Let c(v) = 97 + 94 + v + v**2 - 2*v**2 + 93 - 276. Calculate c(-7).
-48
Let w(d) = d + 128. Let a(p) = -p - 110. Let k(s) = -7*a(s) - 6*w(s). Let v(x) = -x**3 + x - 1. Let j be v(-2). Give k(j).
7
Suppose -3*q - 40 = -49. Suppose -q*a + 11 = 2*w, -4*a = 5*w - 13 - 11. Let s(t) = -t - 1. Let h(i) = 8*i + 4. Let c(z) = 